 6 - 6 = 0. Calculate the highest common divisor of d and j.
1
Let w(k) = -k**3 - 7*k**2 - 5*k. Let l be w(-8). Calculate the greatest common factor of l and 13.
13
Suppose 3*o - g - 895 - 63 = 0, 0 = 3*o + 5*g - 970. Calculate the greatest common divisor of 40 and o.
40
Let b(g) = -2*g + 20. Let k(t) = 1. Let x(h) = b(h) + 2*k(h). Let c be x(0). Calculate the greatest common divisor of c and 11.
11
Let c = 127 + -124. Let x be (-9)/2 - 1/(-2). Let q = -2 - x. Calculate the greatest common factor of q and c.
1
Suppose -4*x + 12 = -x. Suppose -2*w - 4 = -4*w. Calculate the greatest common factor of x and w.
2
Let k(i) = 20*i**3 + i**2 + 2*i - 2. Let q be k(1). Suppose 137 - 27 = 2*o + 4*b, -209 = -3*o + 5*b. What is the highest common divisor of o and q?
21
Suppose -z - 7 = -10. Suppose z*d + w - 68 = 0, 3*w - 7*w + 41 = d. What is the greatest common divisor of 189 and d?
21
Suppose -2*b - 4 = -3*b. Suppose z = 11 - b. What is the greatest common factor of z and 1?
1
Suppose k + 65 = p, 2*k - 118 = -2*p - 2*k. Calculate the greatest common factor of p and 7.
7
Let w = 51 - 40. Calculate the greatest common divisor of 99 and w.
11
Suppose 0 = -2*u + 5*u - 120. Calculate the greatest common factor of 360 and u.
40
Let a be 5*4*2/8. What is the greatest common factor of a and 1?
1
Suppose s = 1, a + 0*a - 2*s - 11 = 0. Let j = 139 - a. Suppose 5*d - 194 - j = 0. What is the greatest common divisor of 16 and d?
16
Suppose 2*g + 2*g = 20. Suppose -57 = -2*a + 3*u - 1, -126 = -g*a + 4*u. Suppose l - 55 = -4*l. Calculate the highest common divisor of a and l.
11
Suppose 3*y - w = 133, -47 - 51 = -2*y - 4*w. Calculate the greatest common factor of y and 9.
9
Let o be (1*4)/((-9)/18). Let z be (-9 + 5)/(2/o). Calculate the highest common factor of z and 64.
16
Let b = -4 - -9. Suppose -58 = -3*p + b*z, 3*z = 2*p - 5*p + 42. Calculate the greatest common divisor of 16 and p.
16
Let v be (1 + (-2)/(-4))*50. Suppose -55 = -2*k - 5*n, 2*n + 46 = 5*k - 19. Calculate the highest common divisor of v and k.
15
Let o(x) = 5*x - 3. Let r be o(3). Let g = -1 - -5. Calculate the highest common divisor of g and r.
4
Suppose -5*c + 4*p + 22 = 0, -p = -c + 4*p - 4. What is the greatest common factor of c and 54?
6
Let c(i) = -i**3 + 8*i**2 + 10*i + 3. Let j be c(9). Calculate the highest common divisor of j and 6.
6
Let m be (-63)/(-12) + 6/(-24). Let r(l) = 22*l - 5. Let v be r(m). What is the highest common factor of v and 15?
15
Let p(w) = 10*w**3 + 4*w**2 - 2*w - 2. Let d be p(2). Suppose 5*i - 50 = -3*y, 2*i + 55 = 4*y - 3*i. Calculate the greatest common divisor of y and d.
15
Let f be (45/20 - 4)*-4. Calculate the greatest common divisor of 14 and f.
7
Suppose t + 1 = 2. Let k be ((-1)/t)/(2/(-28)). Suppose 4*s = -85 + 253. What is the greatest common factor of s and k?
14
Let u be -2*(-13)/(-4)*(-6 - -4). What is the greatest common divisor of 26 and u?
13
Let t be 19/7 - 20/(-70). Suppose -3*m - 98 = -2*r, -t*r + 4*m - 268 = -8*r. What is the highest common factor of 13 and r?
13
Let a(z) = 2*z**3 + 17*z**2 - 21. Let b be a(-8). Calculate the highest common divisor of 43 and b.
43
Let w(x) = 12*x**2 - 2*x + 3. Let y be w(1). What is the greatest common factor of y and 13?
13
Suppose 2*a + 2*y - 16 = 0, -a + 3 + 4 = 2*y. Let r be 34/10 + a/15. What is the highest common factor of 6 and r?
2
Suppose -r - r + 6 = 0, 4*p = 4*r + 12. What is the greatest common divisor of p and 30?
6
Let d be 5*((-24)/10)/(-3). What is the greatest common divisor of 32 and d?
4
Suppose 2*y + 10 = 2*x - 0*y, 2*y = -3*x + 30. Let n be 110 + (x - 3 - 3). Calculate the highest common factor of n and 14.
14
Let q(m) = m - 4. Let k be q(-7). Let g = -8 - k. Suppose -24 = g*a - 6*a. Calculate the highest common divisor of 20 and a.
4
Let q be (3 + 0)*(-350)/(-15). Let v be 5/15 + 58/6. What is the greatest common divisor of q and v?
10
Let b be 7 - 3 - (3 - 1). Let l = 6 - 4. Let k(j) = j**3 + 3*j**2 - 3*j + 2. Let m be k(l). Calculate the highest common divisor of m and b.
2
Let d be 1/(-4) + 82/8. Let n be (-2)/d + (-182)/(-10). Let l = -22 - -34. Calculate the greatest common divisor of n and l.
6
Suppose 66 = 7*f - 18. Calculate the greatest common divisor of f and 42.
6
Let c = -13 - -24. Calculate the highest common divisor of 33 and c.
11
Let g(h) = 4*h + 12. Let s be g(8). What is the highest common divisor of s and 11?
11
Let k = 11 + 27. Calculate the highest common factor of k and 304.
38
Suppose -2300 = -10*p - 830. What is the highest common divisor of p and 21?
21
Let i(g) = -2 + 63*g**2 + 125*g**2 + 0*g - g + 0*g. Let k be i(-1). What is the greatest common factor of 17 and k?
17
Let z(k) = -k + 12. Let x(i) = i**2 + 4*i - 5. Let s be x(-5). Let w be z(s). Let g(r) = 6*r + 6. Let d be g(5). Calculate the highest common factor of d and w.
12
Let b be 6/8 - (-204)/48. Let d(w) = -7*w**3 - 2*w**2 + 2*w + 1. Let q be d(-2). Calculate the highest common divisor of q and b.
5
Let z(w) = 4*w**2 + 7*w - 8. Let f be z(3). Calculate the highest common factor of 539 and f.
49
Let z = 0 - -3. Suppose z*q = -2*q + 175. Let i = q - 17. Calculate the highest common divisor of i and 18.
18
Suppose 0 = s + s + i - 20, 0 = -4*i. Let r(m) = 3*m + 10. Let a be r(-5). Let g = 5 - a. What is the greatest common divisor of g and s?
10
Let q(l) = -6*l - 9. Let p be q(-6). Let s be (-4)/(-18) + 3855/p. Let k = 15 - 2. Calculate the greatest common divisor of k and s.
13
Suppose 3*i + 66 = 5*i. What is the greatest common factor of 33 and i?
33
Suppose 4*b = -2*f + 158, -4*b + 0*f + 3*f = -183. Calculate the highest common factor of b and 28.
14
Let u(m) = m**2 + 3*m - 9. Let r be u(-7). Let t(j) = -3*j + 3. Let z be t(3). Let y = z + r. What is the greatest common factor of y and 39?
13
Suppose 4*w + 13 = 2*z - 15, 2*w + 38 = 4*z. What is the greatest common divisor of 20 and z?
4
Let n = 1 - 6. Let w be ((-12)/9)/(3/18). Let g = n - w. What is the highest common factor of g and 27?
3
Suppose 2*z + 5*b - 55 = -3*z, 5*z = b + 31. Suppose -5*q + 3*a + 2*a = 460, 3*a = -12. Let m be 1/(q/98 + 1). What is the greatest common factor of m and z?
7
Let k be -7 + 1 + 0 + 1. Let p be (2 - (-13)/(-5))*k. Let u be -1*2 + 2 + 6. What is the highest common divisor of p and u?
3
Let u = -11 - -59. Calculate the greatest common divisor of u and 12.
12
Suppose -2*y + 3*y + 9 = v, -5*v = 5*y - 35. Suppose 270 = -c + 4*c. Let s be c - 2/(2 + -1). What is the highest common divisor of v and s?
8
Suppose -2*t - 9*s + 5*s + 48 = 0, -24 = -t - 4*s. Calculate the greatest common factor of 48 and t.
24
Let d = -384 - -271. Let u = d - -181. What is the highest common divisor of u and 17?
17
Let g(y) = -2 - y - 2 + 6. Let o be g(-7). Calculate the highest common divisor of 99 and o.
9
Let c = -23 - -53. What is the greatest common factor of 20 and c?
10
Suppose -5*b + 3*f + 17 = 0, -2*b - 2*b - 12 = 4*f. Calculate the greatest common factor of b and 5.
1
Let r = -11 - -15. Let o be (-5)/r*(-54 + 10). What is the highest common divisor of o and 22?
11
Suppose 5*s + 126 = -3*x, -x - 2*x = s + 18. Let h be (1 - s/(-6))*-2. What is the highest common divisor of 77 and h?
7
Suppose -3*t - 47 = -i - 2, 5*i = -t + 241. Let z(l) = 2*l**2 - 4*l + 2. Let h be z(5). Calculate the highest common factor of h and i.
16
Suppose s - 5*j = 46, 4*s - 4*j - 220 = -2*j. What is the greatest common factor of 140 and s?
28
Let d be (-10)/(-20) - 70/(-4). What is the greatest common divisor of 27 and d?
9
Suppose -186 = -3*c - 0*c. Suppose 0*u + 136 = 4*u - t, 2*t = 2*u - c. Let a be 2/1 - 5/(-1). What is the greatest common divisor of a and u?
7
Let j = 8 + 25. What is the highest common divisor of 363 and j?
33
Let k(r) = 2*r**2 + r + 33. Let d be k(0). What is the greatest common divisor of 231 and d?
33
Let o = -6 + 10. Let i = -20 - -21. What is the highest common factor of i and o?
1
Let x(i) = 7*i - 1. Let w be x(8). Suppose -9*l + 25 = -4*l. What is the greatest common factor of l and w?
5
Let z be 0/((-4)/2 + 1) - -27. What is the highest common factor of z and 9?
9
Let s be (2/4)/((-3)/(-1422)). Let b = s + -129. What is the highest common factor of b and 27?
27
Let o be (2 - 1) + 0/(-1). Let v(j) be the first derivative of 107*